2 + 9*m + 4. Let j be f(-4). What is the remainder when 4*j + (-6 - w) is divided by 16?
13
Let o(x) = -x**3 + 10*x**2 + 13*x - 7. Let y be o(11). Suppose -3*f + 26 = -5*h, 5*h - 91 = -3*f - y. Calculate the remainder when f is divided by 5.
2
Suppose 0 = 9*k - 10*k + 4. Let f(m) = -m + 2. What is the remainder when f(-5) is divided by k?
3
Let t = -4 + 1. Let h be (7/(-2))/(t/(-6)). What is the remainder when (-474)/h + 4/14 is divided by 23?
22
Suppose 15 = 3*j - 54. What is the remainder when j is divided by 9?
5
Suppose 3*p + 34 = 5*k, -4*k + 4*p = p - 26. Calculate the remainder when k is divided by 9/((-6)/(-2)) + 2.
3
Let x(c) = -4*c - 22. Calculate the remainder when x(-9) is divided by 6.
2
Suppose -2*w = -3*i + w + 21, -5*w = 2*i. Suppose 0 = -0*c + 2*c - 16. What is the remainder when 1/i - 483/(-35) is divided by c?
6
Suppose 55 = 2*q - 3*z, 3*q + 3*z = -0*z + 105. What is the remainder when 92 is divided by q?
28
Let n be (-2)/(-2) + -2 + 5. Suppose u + 121 = 3*j, 4*j - u - 154 = n*u. Calculate the remainder when j is divided by 14.
13
Suppose h = 2*h + 59. Let r = 86 + h. Let m = 24 - 17. What is the remainder when r is divided by m?
6
Suppose -1 + 19 = 2*c. Let z be 4*(3/4 + 1). Suppose z + 61 = 4*f. What is the remainder when f is divided by c?
8
Let i(r) = -r - 4 + 4 - 1. Let a be (-8)/28 - (-66)/(-14). Calculate the remainder when 6 is divided by i(a).
2
Suppose -4*g - x - 3*x = 40, 3*g - 4*x = -2. What is the remainder when 2/g + (-22)/(-3) is divided by 0 + 1 + 2 - 0?
1
Let o(g) = 0 - 11*g - 2 - 3 + g**3 + 9*g**2 - 1. What is the remainder when o(-10) is divided by 3?
1
Calculate the remainder when (6/9 - 0)/(2/345) is divided by 24.
19
Let d(j) = j**2 + 10*j - 36. What is the remainder when 152 is divided by d(-15)?
35
What is the remainder when 4 - ((3 - 1) + -120) is divided by 31?
29
Let n = 85 - 49. Suppose 0 = 6*z - 3*z + h - 16, 5*z - h - 16 = 0. Suppose -z*b + 61 = 5*l, -3*l - l = 2*b - 26. Calculate the remainder when n is divided by b.
17
Let w = -5 - -16. Calculate the remainder when 42 is divided by w.
9
Let u(q) = q**2 - 5*q + 7. What is the remainder when 23 is divided by u(5)?
2
Let f(s) = 2*s - 4. What is the remainder when 51 is divided by f(9)?
9
What is the remainder when 10 is divided by -4 - (-1 - (2 - -3))?
0
Let n(u) = 9*u**2 - 5*u - 11. What is the remainder when n(-3) is divided by 25?
10
Let a be 62 - (-6 + -2 + 5). Suppose a = -0*k + 5*k. What is the remainder when 76/3*(-6)/(-4) is divided by k?
12
Suppose 5*u + 10 = -2*x, -3*u + 25 = 2*u - 5*x. Suppose -3*i - 19 = -b, u + 3 = -3*b - 3*i. What is the remainder when b is divided by (4/5)/(4/10)?
0
Suppose 0 = -4*n - 5*t + 59, 5*n = 2*n + 4*t + 21. Let q = n + -6. Let v(s) = -5*s + 2. Calculate the remainder when v(-3) is divided by q.
2
Suppose 4 = -2*y + 4*o - 9*o, -5*o - 22 = -4*y. Suppose y*u + 0*u - 54 = 0. Calculate the remainder when u is divided by 10.
8
Let k(f) = -2*f - 8. Let z be k(-6). Suppose 40 = -z*v + 8*v. Calculate the remainder when 19 is divided by v.
9
Suppose 4*a - 56 = 2*p - 6, 5*a - 43 = -4*p. Calculate the remainder when 31 is divided by a.
9
Let o be (-2)/12 - 230/(-12). Suppose 0 = 2*h - h - o. What is the remainder when h is divided by 10?
9
Let u(a) = -a**2 + 19*a - 46. Calculate the remainder when u(15) is divided by 2.
0
Suppose -10*r = 2*r - 120. What is the remainder when 78 is divided by r?
8
Suppose -3*w + 63 = 3*u, 0 = -3*w + 3*u + u + 28. What is the remainder when 126 is divided by w?
14
Let a(l) = l**3 + 7*l**2 - 8*l + 16. What is the remainder when a(-7) is divided by 25?
22
Let c = -103 - -114. Calculate the remainder when 20 is divided by c.
9
Suppose 3*s + 1 = 7. Let d(r) = r**3 - r**2 + 1. Let p(m) = -m**3 + 6*m**2 - m - 7. Calculate the remainder when p(5) is divided by d(s).
3
Suppose 62 - 282 = -4*m. Suppose -l + 32 + 23 = 2*w, w - 4*l - 32 = 0. What is the remainder when m is divided by w?
27
Suppose 3*g = 2*g. Let z = 1 - g. Calculate the remainder when 2 is divided by z.
0
Let f(d) = 5*d**3 + 4*d - 1. Let g(t) = t**3 - t**2 - t - 1. Let l(s) = -f(s) + 6*g(s). Calculate the remainder when l(8) is divided by 18 - 1 - (-4)/(-2).
13
Suppose 0 = 2*q - 4*q + 34. Suppose 0 = -2*k + 4*d + 100, 4*d + 244 = 2*k + 3*k. What is the remainder when k is divided by q?
14
What is the remainder when 94 - (-7)/((-14)/(-8)) is divided by 20?
18
Let r = 83 - 35. Calculate the remainder when r is divided by 25.
23
Calculate the remainder when 26/3*(-2 + 5) is divided by 14.
12
Let l be (0 - -3) + 0 + 26. Suppose -3*f - f = 4*s - 20, -5*s + l = 3*f. Calculate the remainder when s is divided by 2.
1
Suppose -59 = -l + 17. Let a = -47 + l. What is the remainder when a is divided by 8?
5
Let f(y) = 4*y**2 + 5*y + 3. Let x be f(4). Suppose -3*r + 5*m + 43 = -r, 3*m + x = 3*r. Calculate the remainder when r is divided by 12.
10
Let l be (-10)/4*(7 - -3). Let g = -12 - l. What is the remainder when g is divided by 8?
5
Let l = 51 - 30. What is the remainder when 39 is divided by l?
18
Suppose 133 + 5 = 2*t. What is the remainder when t is divided by 18?
15
Suppose -o - 5 = v - 4*o, -4*v + 30 = -2*o. Calculate the remainder when v + (1 + -2)*-1 is divided by 3.
2
Suppose b = -2*b + 18. Let k = 8 - b. Calculate the remainder when 8 is divided by 12/k - (-3 + 4).
3
Let z = -1 + 27. Let u(m) be the third derivative of -m**5/60 - 3*m**4/8 - 5*m**3/6 + 2*m**2. Calculate the remainder when z is divided by u(-7).
8
Suppose i + 52 = 60. Let l = 4 + 1. Calculate the remainder when i is divided by l.
3
Suppose 3*w + r = -0*r + 7, 5*w = 3*r + 21. Let m = -272 + 275. Calculate the remainder when m is divided by w.
0
Let i(n) = -2*n + 1. Let q = -4 + 12. Let k(u) = u - 2. Calculate the remainder when k(q) is divided by i(-1).
0
Suppose 2*b - 25 = -5*x + 42, -2*x + 5*b = -50. Calculate the remainder when x is divided by 9.
6
Suppose -2*g + 26 = 6*s - 2*s, 17 = g - 2*s. Suppose 5*l = 2*h - g, h + 3*l - 4 = 9. Calculate the remainder when h is divided by 4.
2
Let w(t) = -17*t + 5. Let b be w(-7). Suppose -2*y - 3*y + b = -2*s, y + 3*s - 35 = 0. Let f = y + -15. Calculate the remainder when 31 is divided by f.
9
Let l = 71 - 7. Suppose -r - l = -3*r. Let w = -10 - -21. Calculate the remainder when r is divided by w.
10
Let j(u) = 22*u + 1. Let c be j(1). Let l(s) = s + s - 3*s + c*s**3. What is the remainder when 64 is divided by l(1)?
20
Let j be 58*-1*(0 + -1). Suppose -2*h = k - 31, -4*h = h - 4*k - j. What is the remainder when 25 is divided by h?
11
Let s be 19/4 - 3/(-12). Let v = s + 5. Calculate the remainder when v is divided by (-1 + -3)/(2 - 3).
2
Let k = -60 - -127. What is the remainder when k is divided by (-7 + (-9)/2)*4/(-2)?
21
Let b(l) = -2*l**2 - 20*l - 10. Calculate the remainder when b(-9) is divided by 3.
2
Suppose 4*i - 112 = 12. Let k = -11 + i. Suppose 4*u - 4*g = 12, 22 = 5*u + 2*g - 21. Calculate the remainder when k is divided by u.
6
Suppose 3*b - 3*k = -9, 5*b - 3*b - k = -5. Let t be 2/4*(b - -2). Suppose -d = 3*h - 30 - 20, -3*h + d + 46 = t. What is the remainder when h is divided by 6?
4
Let u = 13 - 8. Let l(i) = -i**3 + 7*i**2 + 2*i - 2. Let f(p) = -p**3 - 11*p**2 - 11*p + 10. What is the remainder when l(u) is divided by f(-10)?
18
Suppose -3*d = -5*d + 30. Calculate the remainder when (-24)/84 + (-198)/(-7) is divided by d.
13
Let j(o) = o**3 + 11*o**2 + 9*o + 1. Suppose f - 10 = 2*f. What is the remainder when j(f) is divided by 7?
4
Let b be ((-8)/6)/((-1)/6). Suppose -b = l - 1. Let v(u) = -u**2 - 7*u + 4. What is the remainder when 6 is divided by v(l)?
2
Let f = 8 + 15. Let h(n) = -n**2 + 21*n - 14. Calculate the remainder when h(16) is divided by f.
20
Suppose 89 = 4*k - 11. Calculate the remainder when k is divided by 14.
11
Let n(t) = -t**2 + 11*t + 3. Let i be n(9). Calculate the remainder when 38 is divided by 60/i*(-14)/(-4).
8
Let d(m) be the second derivative of m**4/3 - m**3/2 - 3*m. What is the remainder when d(3) is divided by 10?
7
Let j = -6 + 8. What is the remainder when 20 is divided by j*(-14)/(-4)*1?
6
Suppose 3*g + 4*u = -u + 287, 0 = -5*g - 3*u + 473. Suppose 20*z - g = 18*z. Calculate the remainder when z is divided by 25.
22
Suppose 33 = b - 12. Calculate the remainder when b